 remainder when u is divided by s.
8
Let p(d) = -d**3 - 5*d**2 + 8*d + 8. Let w be (-1)/(-4) + (-125)/20. Let g be p(w). What is the remainder when 55 is divided by -1 + ((-320)/g)/4?
17
Let l = 872 - 818. What is the remainder when l is divided by ((-14)/6)/(2/(-12))?
12
Let z = -34 - -39. Suppose 4*l = 4*m - 216, -2*l = z*m + 2*l - 243. Calculate the remainder when m is divided by 13.
12
Let c = 13 - 9. Suppose 0 = -k + c*k. Suppose -5*r = -a + 21, r = -4*a - k*r + 84. Calculate the remainder when a is divided by 11.
10
Let n(u) = -3*u**3 + 12*u**2 + 3*u + 1. Suppose 4*f - 3*f = -2. What is the remainder when (1/f)/((-1)/96) is divided by n(-1)?
9
Let k(h) = -h**3 + 2*h**2 - 3*h + 3. Suppose -5*g + 6 = -9. Let c be k(g). Calculate the remainder when 11 is divided by c/(-3) - 2 - 0.
2
Let c = 1 + 9. Calculate the remainder when 2/(-3)*(-23115)/230 is divided by c.
7
Let k = -129 - -232. Calculate the remainder when k is divided by 7.
5
Let q = -20 + 32. What is the remainder when 213 is divided by q?
9
Suppose 22*z + 5*m = 19*z + 3, -2*z + 3*m + 2 = 0. What is the remainder when 4 is divided by z?
0
Let h = 13 + -7. Let w = -794 + 832. Calculate the remainder when w is divided by h.
2
Let n = -52 + 281. Suppose 5*l + 3*z - 4*z = n, 2*z = l - 53. Suppose -3*d + 5*d + 5*o = l, 2*d = 4*o. What is the remainder when 29 is divided by d?
9
Suppose 3*s - g + 111 = -4*g, -4*s - 143 = -g. Suppose 4*p - 274 = 82. Calculate the remainder when p is divided by (2/(-3))/(1/s) - 1.
20
Let m(c) = 9*c**3 + c**2 + c. Let g(k) = 8*k - 156. Calculate the remainder when m(2) is divided by g(22).
18
What is the remainder when 12/(-114) - (-17226)/114 is divided by 51?
49
Let z(g) = -g**2 - 7*g - 8. Let l(r) = -2*r**2 - 15*r - 16. Let p(i) = 2*l(i) - 5*z(i). Calculate the remainder when p(8) is divided by 23.
20
Let l = -290 - -341. Calculate the remainder when 94 is divided by l.
43
Let n(t) = t**3 + 36*t**2 - 38*t + 19. Calculate the remainder when n(-37) is divided by 0/2 + -2 + 31.
27
Let h be 802/14 - (1 + 20/(-28)). Let v = -43 + h. What is the remainder when 68 is divided by v?
12
Let q(g) = 2*g**2 - 5*g - 3*g**3 + 4*g + g**3. Let i be q(3). Let p = i + 57. Calculate the remainder when 34 is divided by p.
16
Suppose -73 = -5*s - g, 0 = -332*s + 333*s - 5*g - 25. Suppose 160 = p + 2*p - 2*c, 128 = 2*p + 4*c. Calculate the remainder when p is divided by s.
11
Suppose 0 = 7*k - 14*k + 35. Suppose -369 = -k*d + 56. Calculate the remainder when d is divided by 29.
27
Suppose 43*u = -5*l + 42*u + 34, 0 = 3*u + 3. What is the remainder when 0 + -2 + 3 + 17 is divided by l?
4
Let c = 6 + -3. Let u be 11/((-11)/(-10)) + -5. Suppose -h - 8 + 0 = -3*n, c*n = 4*h + u. Calculate the remainder when 5 is divided by n.
2
Let l = -41 + 85. Let i be (5 - 43/9) + 5443/9. Calculate the remainder when 51 is divided by i/l - (-6)/(-8).
12
Suppose -12*i - 5*i = -374. Suppose -5*r - 1251 = -4*z, -z = -r - 4*r - 324. Suppose z = 5*l + 99. What is the remainder when l is divided by i?
20
Let q(n) = n**3 + n**2 + n + 17. Suppose -13 = -4*d + 7, 0 = 4*l - 5*d + 1. Suppose -7*a + 7 = -l*a. Calculate the remainder when q(0) is divided by a.
3
Suppose -3*q = j - 115, q - 4*j + 6*j = 40. Calculate the remainder when q is divided by ((-26)/4)/((-3)/6).
12
Suppose 2*q - 42 = -4*h + 104, 5*h + q = 184. Suppose -2*g = 5*m - h, 0 = -3*m - 4*g + 3 + 22. Let b = -26 + 44. What is the remainder when b is divided by m?
4
Let l = 4 - -13. Let j(b) = -b**2 + 7*b - 15. Let u be j(3). Let g = l - u. What is the remainder when g is divided by 11?
9
Suppose 18*u = 29*u - 704. Calculate the remainder when 242 is divided by u.
50
Suppose -y - 1 = -6. Suppose u - 30 = -y*v, -6*u + 126 = -u + v. Calculate the remainder when u is divided by 13.
12
Calculate the remainder when 313 is divided by (-2*(-5 + 4) - -1)*18.
43
Suppose 3*j = -5*i - 19, 2*j - 3*i + 2*i = 9. Let v = 24 + j. Let o(d) = 3*d**2 + 3*d + 3. What is the remainder when v is divided by o(-2)?
8
Suppose 0 = -4*t + 320 - 220. What is the remainder when 537 is divided by t?
12
Suppose -4*t = -9*t + 35. What is the remainder when 179 is divided by t?
4
Let k = 103 - 60. Calculate the remainder when 166 is divided by k.
37
Let u = -347 - -584. Let x = -219 + u. Let g(o) = o**3 - 4*o**2 + 4*o + 6. What is the remainder when g(5) is divided by x?
15
Let k = 26 - 23. Suppose -u = 2*q - 10, q - 2*u - k*u = 16. Let n(l) = l + 11. Calculate the remainder when n(0) is divided by q.
5
Let f = 641 + -638. Calculate the remainder when 10 is divided by f.
1
Suppose -4*g - f + 19 + 6 = 0, -20 = -5*g - 5*f. Suppose g*q - 3*q = 72. Calculate the remainder when q is divided by 11.
7
Let a(w) be the second derivative of w**4/6 - 3*w**3/2 + 9*w**2/2 + 6*w. Let n = -21 - -27. Calculate the remainder when a(n) is divided by 7.
6
Let t(h) = 21*h - 6*h**3 + 18 + 7*h**3 + 10*h**2 - 2. What is the remainder when 61 is divided by t(-7)?
13
Suppose 4*z - 5*t - 343 = -69, -4*z = -2*t - 280. What is the remainder when z is divided by 24?
23
Suppose 0 = -2*u + 2*t - 68, 6*u + 68 = 4*u + 3*t. Let s = -25 - u. Suppose 4*i + 5*y - 15 = 74, 2*i - 64 = 4*y. Calculate the remainder when i is divided by s.
8
Let v be (20/(-6))/((-6)/9). Suppose 5*n = -v*p - 20, 5*p + 12 = n - 8. Suppose n = -0*h + h - 19. Calculate the remainder when 55 is divided by h.
17
Suppose 4*g - 16 = 0, -3*i + 2*g = 4*g - 8. Suppose i*o - 96 = -4*o. Calculate the remainder when o is divided by 14.
10
Let r(a) = -a - 11. Let g be r(-8). What is the remainder when (g/(-9) + 3)*6 is divided by 12?
8
Let n(t) = t**3 - 8*t**2 - 5*t. Calculate the remainder when 107 is divided by n(9).
35
Suppose 0 = 3*d + 4*y - 183, -2*d + 3*y = -2*y - 145. Let o be (-3)/5 - 39/(-15). Suppose -68 = -2*c - o*c. What is the remainder when d is divided by c?
14
Let r = 216 - -1161. What is the remainder when r is divided by 15?
12
Let m(g) = -g + 17. Let j be m(11). Let h be (5/(-15))/((-1)/j). Calculate the remainder when 5 is divided by (h + 0)*(-15)/(-10).
2
Calculate the remainder when -8*385/(-50)*5/2 is divided by 31.
30
Suppose -3*f + 239 = 4*m, 5*m = -f + 29 + 58. Calculate the remainder when f is divided by 34.
9
Suppose -4*c + 4*z = -160, 6*z - 2*z - 8 = 0. Let p = c + -27. What is the remainder when 42 is divided by p?
12
Suppose -5*z + 8*x = 9*x - 312, -3*z + 2*x = -195. Calculate the remainder when z is divided by 3.
0
Suppose 4*j - 260 = -6*j. What is the remainder when 102 is divided by j?
24
Let o(z) = -3*z**3 + 5*z**2 + 4*z - 1. Let x be o(3). Let h = 60 + x. What is the remainder when h is divided by 6?
5
Let g(p) = 4*p**3 + 4*p + 41. Calculate the remainder when 94 is divided by g(0).
12
Suppose 8 - 17 = -i. Suppose -6*k = -i*k + 6. Let m(n) = 5*n**2 - 4*n + 3. What is the remainder when 59 is divided by m(k)?
14
Let a(g) = -39*g - 3. Suppose -2 + 1 = d. Let v(w) = -w**3 + 3*w**2 + 3*w + 4. Calculate the remainder when a(d) is divided by v(3).
10
Let n(j) = -16*j + 5*j + 5 + 9*j + 3*j. What is the remainder when 52 is divided by n(13)?
16
Let k = 269 + -239. Suppose -25 = 5*x, -3*n = -x - 2*x - 48. Suppose 0*c - n = -c. Calculate the remainder when k is divided by c.
8
Let g = 19 + -17. Suppose -g*o + 60 = o. Calculate the remainder when 39 is divided by o.
19
Let d(j) = 7*j**2 - 128*j + 20. What is the remainder when d(20) is divided by 27?
17
Let d = 33 + -105. Let a be d/14*(-28)/6. Calculate the remainder when 3 is divided by (-16)/a + (-16)/(-6).
1
Let r(x) = x**3 + 8*x**2 - 9*x - 2. Let q be r(-7). Suppose q = 4*v - 58. What is the remainder when 19 is divided by -3 - v/(-1 + -2)?
8
Suppose 18 = -y - 0*y. Let z = -15 - y. Suppose -n + 47 = -2*g, z*g - 171 = -3*n - g. What is the remainder when n is divided by 28?
25
Suppose -5*r = 6*r - 506. Let u = r - 27. Calculate the remainder when (-3036)/(-42) - (-4)/(-14) is divided by u.
15
Suppose 23*h = 105*h - 25994. What is the remainder when h is divided by 39?
5
Let r be (3/2)/(1/10). Let h(y) = -y**3 - 9*y**2 - 3*y + 56. Calculate the remainder when (-228)/(-5) - (-6)/r is divided by h(-8).
14
Suppose 0 = 213*x - 220*x + 28. Let j = 4 + 1. Suppose -45 = -5*g + j*r, 4*g + r - 2*r = 39. What is the remainder when g is divided by x?
2
Let m be (-10 + 1)*(5 + 